3
What are the prime factors of 23538212?
2, 2351, 2503
List the prime factors of 72241530.
2, 3, 5, 73, 32987
List the prime factors of 1364820365.
5, 272964073
What are the prime factors of 60590028?
2, 3, 5049169
What are the prime factors of 5165113685?
5, 1033022737
List the prime factors of 7893604.
2, 107, 18443
List the prime factors of 317934754.
2, 197, 806941
List the prime factors of 314798905.
5, 62959781
List the prime factors of 462109068.
2, 3, 12836363
What are the prime factors of 255207437?
255207437
What are the prime factors of 74412181?
74412181
List the prime factors of 401169213.
3, 17, 677, 1291
What are the prime factors of 336085751?
336085751
What are the prime factors of 212150575?
5, 7, 13, 93253
What are the prime factors of 63710989?
23, 2770043
List the prime factors of 85834370.
2, 5, 67, 128111
List the prime factors of 1629275021.
11, 227, 652493
What are the prime factors of 1314950776?
2, 53, 3101299
What are the prime factors of 225910662?
2, 3, 37651777
List the prime factors of 32543.
7, 4649
What are the prime factors of 38278674?
2, 3, 7, 461, 659
List the prime factors of 141949154.
2, 70974577
What are the prime factors of 241667962?
2, 29, 4166689
What are the prime factors of 450617792?
2, 7040903
List the prime factors of 282163802.
2, 141081901
List the prime factors of 98997533.
37, 2675609
List the prime factors of 4951420.
2, 5, 17, 14563
What are the prime factors of 58756698?
2, 3, 7, 11, 13, 1087
What are the prime factors of 8583812383?
73, 117586471
List the prime factors of 115306567.
23, 1213, 4133
List the prime factors of 1301280021.
3, 79, 1830211
List the prime factors of 45341121.
3, 7, 41, 7523
List the prime factors of 440505927.
3, 41, 1193783
What are the prime factors of 15822238?
2, 7911119
What are the prime factors of 3974427308?
2, 993606827
List the prime factors of 594611574.
2, 3, 19, 5215891
What are the prime factors of 383354702?
2, 71, 229, 11789
What are the prime factors of 7857732053?
7857732053
What are the prime factors of 287241931?
67, 71, 60383
What are the prime factors of 105731147?
105731147
What are the prime factors of 35610334?
2, 71, 250777
List the prime factors of 373221859.
17, 21954227
List the prime factors of 223847789.
11, 17, 241, 4967
List the prime factors of 13605488.
2, 13, 149, 439
List the prime factors of 11419174.
2, 13, 439199
List the prime factors of 1342301410.
2, 5, 134230141
List the prime factors of 92998769.
92998769
What are the prime factors of 165835741?
491, 337751
List the prime factors of 2677894949.
127, 21085787
List the prime factors of 364890076.
2, 91222519
What are the prime factors of 218999372?
2, 17, 3220579
What are the prime factors of 1904240141?
20509, 92849
List the prime factors of 395390546.
2, 197695273
What are the prime factors of 1117690782?
2, 3, 13, 83, 172643
List the prime factors of 98188982.
2, 3209, 15299
List the prime factors of 377557846.
2, 107, 1764289
What are the prime factors of 660355509?
3, 11, 20010773
List the prime factors of 96931217.
19, 5101643
List the prime factors of 404759830.
2, 5, 40475983
List the prime factors of 101179270.
2, 5, 661, 15307
What are the prime factors of 3385273972?
2, 4993, 169501
List the prime factors of 198232955.
5, 311, 127481
List the prime factors of 2652505453.
13, 271, 752911
What are the prime factors of 3058245978?
2, 3, 509707663
What are the prime factors of 3302136718?
2, 1651068359
List the prime factors of 1055979187.
1055979187
List the prime factors of 29271696.
2, 3, 229, 2663
What are the prime factors of 59120117?
7, 37, 32609
What are the prime factors of 7398601?
7, 167, 6329
List the prime factors of 106655969.
7, 15236567
List the prime factors of 34372374.
2, 3, 5728729
List the prime factors of 93652927.
107, 875261
List the prime factors of 606139499.
7, 86591357
List the prime factors of 324540885.
3, 5, 29, 257, 2903
What are the prime factors of 62829214?
2, 7, 4487801
List the prime factors of 162344966.
2, 7, 11596069
What are the prime factors of 101510040?
2, 3, 5, 23, 36779
What are the prime factors of 285367958?
2, 31, 1231, 3739
List the prime factors of 18237325.
5, 729493
What are the prime factors of 61707403?
103, 137, 4373
What are the prime factors of 740697701?
17, 199, 218947
List the prime factors of 193218556.
2, 48304639
List the prime factors of 2678769729.
3, 297641081
What are the prime factors of 67922882?
2, 499, 68059
List the prime factors of 29770782.
2, 3, 4961797
List the prime factors of 61666751.
859, 71789
List the prime factors of 287202411.
3, 229, 331, 421
What are the prime factors of 489944458?
2, 244972229
What are the prime factors of 226584691?
226584691
List the prime factors of 54430189.
11, 1499, 3301
What are the prime factors of 313961053?
7, 1499, 29921
What are the prime factors of 32655187?
32655187
What are the prime factors of 2601355738?
2, 29, 44850961
List the prime factors of 48546115.
5, 331, 29333
What are the prime factors of 1285088782?
2, 71, 487, 18583
List the prime factors of 814085402.
2, 13, 47, 666191
What are the prime factors of 473419851?
3, 157806617
What are the prime factors of 97504046?
2, 48752023
List the prime factors of 6497777382.
2, 3, 31, 34934287
What are the prime factors of 650399882?
2, 11, 3463, 8537
List the prime factors of 38983918.
2, 19491959
What are the prime factors of 4203565209?
3, 467062801
List the prime factors of 567984697.
7, 31, 181, 14461
List the prime factors of 110414087.
7, 61, 258581
What are the prime factors of 1458791139?
3, 13, 19, 1968679
List the prime factors of 65042581.
65042581
List the prime factors of 75790262.
2, 173, 317, 691
List the prime factors of 733049281.
31, 151, 156601
What are the prime factors of 56060376?
2, 3, 2335849
What are the prime factors of 839398383?
3, 10362943
What are the prime factors of 7300530991?
13, 561579307
List the prime factors of 19629973.
11, 43, 47, 883
What are the prime factors of 45238283?
631, 71693
What are the prime factors of 9522992?
2, 17, 157, 223
What are the prime factors of 2073480319?
2073480319
List the prime factors of 111899468.
2, 27974867
List the prime factors of 816796056.
2, 3, 23, 107, 13829
List the prime factors of 37788106.
2, 701, 26953
List the prime factors of 1211297567.
12541, 96587
What are the prime factors of 773308420?
2, 5, 38665421
List the prime factors of 219240412.
2, 4463, 12281
List the prime factors of 11312980.
2, 5, 7, 19, 4253
What are the prime factors of 857093317?
857093317
What are the prime factors of 791403909?
3, 79, 3339257
List the prime factors of 11903461.
149, 79889
What are the prime factors of 4343988624?
2, 3, 233, 1667
What are the prime factors of 233579923?
9403, 24841
What are the prime factors of 71591489?
103, 113, 6151
List the prime factors of 57336801.
3, 17, 1124251
What are the prime factors of 134879685?
3, 5, 2749, 3271
What are the prime factors of 4599450911?
11, 181, 210011
What are the prime factors of 14893875?
3, 5, 1471
What are the prime factors of 1546720022?
2, 1657, 466723
What are the prime factors of 153918605?
5, 30783721
List the prime factors of 39165223.
2153, 18191
List the prime factors of 54971439.
3, 79, 231947
List the prime factors of 128168878.
2, 367, 174617
List the prime factors of 48491809.
211, 229819
List the prime factors of 53365018.
2, 7, 191, 2851
List the prime factors of 123542501.
123542501
What are the prime factors of 61367248?
2, 29, 132257
List the prime factors of 1178500667.
1178500667
What are the prime factors of 280839823?
11, 59, 432727
What are the prime factors of 193511360?
2, 5, 7, 86389
What are the prime factors of 27091788?
2, 3, 2257649
List the prime factors of 758636382.
2, 3, 7, 37, 53, 61, 151
What are the prime factors of 603808586?
2, 199, 1517107
List the prime factors of 1284319599.
3, 428106533
What are the prime factors of 2385805?
5, 379, 1259
What are the prime factors of 1237297767?
3, 412432589
List the prime factors of 209329121.
209329121
What are the prime factors of 56001995?
5, 7, 17, 94121
List the prime factors of 1969462209.
3, 11, 13, 31, 148091
What are the prime factors of 9432899?
7, 1347557
List the prime factors